der when 100238202 is divided by 7351.
7317
What is the remainder when 899676 is divided by 3202?
3116
What is the remainder when 3978184 is divided by 170?
14
What is the remainder when 599877 is divided by 67?
26
Calculate the remainder when 123282386 is divided by 43333.
1
What is the remainder when 560823 is divided by 46734?
15
What is the remainder when 28585231 is divided by 173?
95
What is the remainder when 24054 is divided by 5610?
1614
What is the remainder when 3143329 is divided by 59308?
5
What is the remainder when 16826 is divided by 3928?
1114
Calculate the remainder when 2117864 is divided by 625.
364
What is the remainder when 1277005 is divided by 331?
7
What is the remainder when 2028362 is divided by 53375?
112
Calculate the remainder when 219630 is divided by 267.
156
What is the remainder when 160160309 is divided by 38?
37
Calculate the remainder when 2424457 is divided by 135.
127
Calculate the remainder when 49600280 is divided by 880.
840
What is the remainder when 1897438 is divided by 393?
34
Calculate the remainder when 24235518 is divided by 4716.
4710
What is the remainder when 459798 is divided by 114933?
66
Calculate the remainder when 10664 is divided by 5235.
194
What is the remainder when 282452 is divided by 6886?
126
What is the remainder when 17616309 is divided by 1000?
309
What is the remainder when 23454 is divided by 141?
48
Calculate the remainder when 28492167 is divided by 28492153.
14
What is the remainder when 3977220 is divided by 427?
142
What is the remainder when 624390 is divided by 3630?
30
Calculate the remainder when 84307551 is divided by 1958.
1945
What is the remainder when 88925 is divided by 165?
155
Calculate the remainder when 79960 is divided by 39757.
446
What is the remainder when 3598468 is divided by 516?
400
What is the remainder when 97338991 is divided by 1129?
1127
Calculate the remainder when 3997375 is divided by 1413.
1411
What is the remainder when 83800650 is divided by 83800649?
1
Calculate the remainder when 68356523 is divided by 12554.
12547
Calculate the remainder when 917632 is divided by 7401.
7309
Calculate the remainder when 12351073 is divided by 281.
280
What is the remainder when 558317 is divided by 23263?
5
Calculate the remainder when 365786 is divided by 1270.
26
What is the remainder when 21730093 is divided by 184153?
39
What is the remainder when 47245 is divided by 2629?
2552
Calculate the remainder when 816141 is divided by 1422.
1335
What is the remainder when 10983384 is divided by 1372923?
0
What is the remainder when 64037384 is divided by 64037367?
17
What is the remainder when 100757 is divided by 100728?
29
Calculate the remainder when 5045561 is divided by 1326.
131
What is the remainder when 230501 is divided by 336?
5
Calculate the remainder when 18680 is divided by 293.
221
Calculate the remainder when 2911918 is divided by 485311.
52
What is the remainder when 1695796 is divided by 58472?
108
What is the remainder when 302302 is divided by 8805?
2932
What is the remainder when 682833 is divided by 341416?
1
Calculate the remainder when 133658 is divided by 582.
380
Calculate the remainder when 37241686 is divided by 46436.
14
Calculate the remainder when 1088478 is divided by 69.
3
Calculate the remainder when 1549724 is divided by 5707.
3127
Calculate the remainder when 22182769 is divided by 11.
4
What is the remainder when 439018322 is divided by 25?
22
What is the remainder when 469925 is divided by 15157?
58
What is the remainder when 888446 is divided by 5305?
2511
What is the remainder when 2486092 is divided by 621522?
4
What is the remainder when 2512511 is divided by 2402?
19
What is the remainder when 30947 is divided by 30190?
757
What is the remainder when 22505384 is divided by 11252692?
0
What is the remainder when 2228109 is divided by 473?
279
What is the remainder when 11987418 is divided by 1580?
1538
Calculate the remainder when 1549194997 is divided by 4150.
4147
Calculate the remainder when 1457378 is divided by 148.
22
What is the remainder when 6494821 is divided by 1085?
11
Calculate the remainder when 374631597 is divided by 40.
37
What is the remainder when 151654 is divided by 25143?
796
What is the remainder when 3419455 is divided by 18?
13
What is the remainder when 36357 is divided by 4761?
3030
What is the remainder when 255924 is divided by 8?
4
What is the remainder when 20674 is divided by 63?
10
Calculate the remainder when 3817274 is divided by 2447.
2401
Calculate the remainder when 288648526 is divided by 483.
481
Calculate the remainder when 2049203 is divided by 409780.
303
Calculate the remainder when 5070111 is divided by 2820.
2571
Calculate the remainder when 471368 is divided by 5892.
8
Calculate the remainder when 7058365 is divided by 3529160.
45
Calculate the remainder when 3809155 is divided by 952278.
43
Calculate the remainder when 135237438 is divided by 1888.
1886
Calculate the remainder when 6000518 is divided by 6937.
13
What is the remainder when 1125581 is divided by 37518?
41
What is the remainder when 12885676 is divided by 64?
44
Calculate the remainder when 541949 is divided by 16185.
7844
Calculate the remainder when 14224898 is divided by 14224887.
11
What is the remainder when 1964302 is divided by 370?
342
What is the remainder when 557635 is divided by 692?
575
What is the remainder when 377378 is divided by 7885?
6783
Calculate the remainder when 367867 is divided by 1052.
719
Calculate the remainder when 136639 is divided by 9418.
4787
What is the remainder when 3132361 is divided by 136180?
221
What is the remainder when 31746256 is divided by 91?
87
Calculate the remainder when 423524 is divided by 1268.
12
What is the remainder when 14775821 is divided by 738791?
1
What is the remainder when 139985 is divided by 59?
37
Calculate the remainder when 623443 is divided by 9446.
7
Calculate the remainder when 155039 is divided by 155.
39
Calculate the remainder when 27612870 is divided by 3669.
3645
What is the remainder when 293773 is divided by 2581?
2120
What is the remainder when 120348522 is divided by 40116171?
9
What is the remainder when 619076 is divided by 309515?
46
Calculate the remainder when 1019863 is divided by 311.
94
Calculate the remainder when 709698 is divided by 101357.
199
What is the remainder when 56230 is divided by 58?
28
Calculate the remainder when 286264 is divided by 65.
4
Calculate the remainder when 59190157 is divided by 178.
173
Calculate the remainder when 104871475 is divided by 31.
25
Calculate the remainder when 628623 is divided by 34920.
63
What is the remainder when 3214891 is divided by 1982?
87
Calculate the remainder when 569586 is divided by 284788.
10
What is the remainder when 5987286 is divided by 3279?
3111
Calculate the remainder when 5557450 is divided by 849.
745
Calculate the remainder when 324581 is divided by 98.
5
Calculate the remainder when 159351 is divided by 158483.
868
Calculate the remainder when 400010 is divided by 2461.
1328
What is the remainder when 327417337 is divided by 65483466?
7
Calculate the remainder when 61700581 is divided by 34.
33
What is the remainder when 791499501 is divided by 131916582?
9
Calculate the remainder when 169122 is divided by 41936.
1378
Calculate the remainder when 40536773 is divided by 73.
19
What is the remainder when 182613 is divided by 25965?
858
Calculate the remainder when 189236 is divided by 14429.
1659
What is the remainder when 39059617 is divided by 12908?
9
Calculate the remainder when 128907 is divided by 644.
107
Calculate the remainder when 64238359 is divided by 33.
31
What is the remainder when 3273968 is divided by 7985?
118
Calculate the remainder when 1971392 is divided by 2024.
16
Calculate the remainder when 5656409 is divided by 103.
61
What is the remainder when 38866 is divided by 4023?
2659
What is the remainder when 8811 is divided by 1773?
1719
Calculate the remainder when 20078 is divided by 224.
142
Calculate the remainder when 30678656 is divided by 187.
184
Calculate the remainder when 2193593 is divided by 1096701.
191
Calculate the remainder when 157082 is divided by 227.
225
Calculate the remainder when 128394 is divided by 9075